 is divided by 43.
9
Calculate the remainder when 181 is divided by 82.
17
Calculate the remainder when 403 is divided by 4.
3
Calculate the remainder when 3717 is divided by 530.
7
Calculate the remainder when 60910 is divided by 144.
142
What is the remainder when 76 is divided by 73?
3
What is the remainder when 68 is divided by 35?
33
What is the remainder when 142 is divided by 68?
6
What is the remainder when 1848 is divided by 10?
8
What is the remainder when 3291 is divided by 1635?
21
Calculate the remainder when 278 is divided by 32.
22
Calculate the remainder when 358 is divided by 28.
22
Calculate the remainder when 95 is divided by 7.
4
Calculate the remainder when 616 is divided by 151.
12
What is the remainder when 1188 is divided by 384?
36
Calculate the remainder when 2512 is divided by 628.
0
Calculate the remainder when 35053 is divided by 95.
93
What is the remainder when 290 is divided by 27?
20
Calculate the remainder when 50 is divided by 28.
22
What is the remainder when 175 is divided by 30?
25
What is the remainder when 54 is divided by 23?
8
What is the remainder when 123 is divided by 30?
3
What is the remainder when 1551 is divided by 74?
71
What is the remainder when 480 is divided by 209?
62
What is the remainder when 303 is divided by 24?
15
What is the remainder when 247 is divided by 23?
17
What is the remainder when 87 is divided by 21?
3
What is the remainder when 471 is divided by 119?
114
Calculate the remainder when 452 is divided by 25.
2
Calculate the remainder when 26 is divided by 14.
12
What is the remainder when 41 is divided by 8?
1
What is the remainder when 535 is divided by 520?
15
Calculate the remainder when 23163 is divided by 27.
24
What is the remainder when 810 is divided by 73?
7
Calculate the remainder when 175 is divided by 44.
43
What is the remainder when 310 is divided by 21?
16
Calculate the remainder when 3400 is divided by 148.
144
What is the remainder when 952 is divided by 772?
180
What is the remainder when 497 is divided by 63?
56
What is the remainder when 138 is divided by 85?
53
Calculate the remainder when 719 is divided by 6.
5
What is the remainder when 1103 is divided by 17?
15
What is the remainder when 3437 is divided by 22?
5
Calculate the remainder when 138 is divided by 7.
5
What is the remainder when 2422 is divided by 270?
262
What is the remainder when 161 is divided by 41?
38
Calculate the remainder when 10259 is divided by 95.
94
What is the remainder when 2008 is divided by 282?
34
What is the remainder when 44 is divided by 9?
8
Calculate the remainder when 340 is divided by 15.
10
Calculate the remainder when 143 is divided by 37.
32
Calculate the remainder when 232 is divided by 48.
40
Calculate the remainder when 2121 is divided by 2111.
10
Calculate the remainder when 382 is divided by 96.
94
What is the remainder when 1427 is divided by 84?
83
What is the remainder when 263 is divided by 27?
20
Calculate the remainder when 135 is divided by 13.
5
What is the remainder when 92 is divided by 24?
20
What is the remainder when 1361 is divided by 257?
76
Calculate the remainder when 18 is divided by 11.
7
Calculate the remainder when 263 is divided by 38.
35
What is the remainder when 1312 is divided by 110?
102
Calculate the remainder when 615 is divided by 88.
87
What is the remainder when 386 is divided by 243?
143
Calculate the remainder when 573 is divided by 137.
25
What is the remainder when 8440 is divided by 67?
65
What is the remainder when 1133 is divided by 42?
41
Calculate the remainder when 557 is divided by 56.
53
Calculate the remainder when 151 is divided by 32.
23
Calculate the remainder when 105 is divided by 53.
52
Calculate the remainder when 103 is divided by 15.
13
Calculate the remainder when 30 is divided by 13.
4
Calculate the remainder when 747 is divided by 25.
22
Calculate the remainder when 51 is divided by 13.
12
Calculate the remainder when 44 is divided by 12.
8
What is the remainder when 96 is divided by 61?
35
What is the remainder when 347 is divided by 29?
28
What is the remainder when 7519 is divided by 40?
39
Calculate the remainder when 1320 is divided by 9.
6
What is the remainder when 169 is divided by 34?
33
What is the remainder when 409 is divided by 119?
52
Calculate the remainder when 62 is divided by 10.
2
What is the remainder when 8279 is divided by 13?
11
Calculate the remainder when 3547 is divided by 96.
91
Calculate the remainder when 2117 is divided by 81.
11
What is the remainder when 892 is divided by 56?
52
Calculate the remainder when 382 is divided by 67.
47
What is the remainder when 1996 is divided by 1954?
42
Calculate the remainder when 343 is divided by 69.
67
Calculate the remainder when 70 is divided by 4.
2
Calculate the remainder when 146 is divided by 25.
21
Calculate the remainder when 351 is divided by 17.
11
Calculate the remainder when 11360 is divided by 379.
369
What is the remainder when 1077 is divided by 83?
81
Calculate the remainder when 256 is divided by 102.
52
Calculate the remainder when 42 is divided by 6.
0
Calculate the remainder when 1183 is divided by 298.
289
Calculate the remainder when 404 is divided by 23.
13
Calculate the remainder when 1500 is divided by 47.
43
Calculate the remainder when 1647 is divided by 271.
21
What is the remainder when 537 is divided by 49?
47
What is the remainder when 195 is divided by 33?
30
Calculate the remainder when 342 is divided by 71.
58
Calculate the remainder when 905 is divided by 269.
98
What is the remainder when 871 is divided by 23?
20
Calculate the remainder when 952 is divided by 190.
2
Calculate the remainder when 2031 is divided by 500.
31
What is the remainder when 224 is divided by 75?
74
Calculate the remainder when 33199 is divided by 40.
39
Calculate the remainder when 889 is divided by 149.
144
What is the remainder when 63 is divided by 23?
17
What is the remainder when 623 is divided by 25?
23
Calculate the remainder when 215 is divided by 67.
14
What is the remainder when 190 is divided by 24?
22
What is the remainder when 2159 is divided by 1061?
37
What is the remainder when 29050 is divided by 108?
106
What is the remainder when 414 is divided by 14?
8
Calculate the remainder when 324 is divided by 65.
64
Calculate the remainder when 852 is divided by 57.
54
Calculate the remainder when 385 is divided by 9.
7
Calculate the remainder when 153 is divided by 147.
6
What is the remainder when 3717 is divided by 76?
69
What is the remainder when 97 is divided by 53?
44
Calculate the remainder when 3366 is divided by 260.
246
What is the remainder when 1786 is divided by 223?
2
Calculate the remainder when 83 is divided by 3.
2
Calculate the remainder when 226 is divided by 46.
42
What is the remainder when 111 is divided by 49?
13
Calculate the remainder when 1238 is divided by 74.
54
What is the remainder when 1142 is divided by 195?
167
What is the remainder when 5144 is divided by 26?
22
What is the remainder when 4717 is divided by 20?
17
Calculate the remainder when 81 is divided by 18.
9
Calculate the remainder when 537 is divided by 132.
9
What is the remainder when 2766 is divided by 16?
14
What is the remainder when 111 is divided by 53?
5
What is the remainder when 433 is divided by 148?
137
What is the remainder when 3290 is divided by 176?
122
Calculate the remainder when 352 is divided by 52.
40
What is the remainder when 818 is divided by 13?
12
Calculate the remainder when 127 is divided by 47.
33
What is the remainder when 655 is divided by 214?
13
Calculate the remainder when 9 is divided by 4.
1
What is the remainder when 92 is divided by 25?
17
Calculate the remainder when 636 is divided by 11.
9
What is the remainder when 1379 is divided by 92?
91
What is the remainder when 522 is divided by 65?
2
Calculate the remainder when 54 is divided by 30.
24
Calculate the remainder when 490 is divided by 17.
14
Calculate the remainder when 37 is divided by 34.
3
What is the remainder when 4541 is divided by 16?
13
Calculate the remainder when 119 is divided by 40.
39
Calculate the remainder when 514 is divided by 257.
0
Calculate the remainder when 270 is divided by 17.
15
What is the remainder w